ivide 1932?
False
Is 4473 a multiple of 9?
True
Is 141 a multiple of 3?
True
Does 13 divide 378?
False
Is 1094 a multiple of 5?
False
Is 405 a multiple of 9?
True
Is 17 a factor of 3427?
False
Is 13632 a multiple of 16?
True
Is 1980 a multiple of 11?
True
Is 14128 a multiple of 16?
True
Is 37 a factor of 1578?
False
Does 22 divide 137?
False
Is 7 a factor of 10651?
False
Is 4536 a multiple of 3?
True
Is 19 a factor of 1124?
False
Does 34 divide 18632?
True
Is 25 a factor of 296?
False
Does 6 divide 16513?
False
Is 5 a factor of 810?
True
Is 2879 a multiple of 9?
False
Is 14 a factor of 140?
True
Is 3 a factor of 25?
False
Does 19 divide 10754?
True
Is 8 a factor of 59820?
False
Does 23 divide 64768?
True
Does 62 divide 2270?
False
Is 1642 a multiple of 106?
False
Is 34 a factor of 1034?
False
Does 22 divide 352?
True
Does 33 divide 2608?
False
Is 51 a factor of 29383?
False
Does 30 divide 8787?
False
Is 3556 a multiple of 7?
True
Does 19 divide 815?
False
Does 55 divide 105636?
False
Does 14 divide 403?
False
Does 22 divide 1430?
True
Is 13450 a multiple of 8?
False
Does 25 divide 2139?
False
Is 9 a factor of 18?
True
Does 21 divide 33873?
True
Does 10 divide 5230?
True
Is 39576 a multiple of 68?
True
Is 5 a factor of 167?
False
Is 88 a multiple of 41?
False
Is 61150 a multiple of 50?
True
Does 52 divide 1820?
True
Is 2480 a multiple of 6?
False
Is 13696 a multiple of 100?
False
Is 79 a factor of 5767?
True
Is 12832 a multiple of 8?
True
Is 536 a multiple of 7?
False
Is 258 a multiple of 43?
True
Does 17 divide 4573?
True
Is 901 a multiple of 17?
True
Is 2 a factor of 5320?
True
Is 27 a factor of 5643?
True
Does 24 divide 672?
True
Does 25 divide 7311?
False
Is 73282 a multiple of 22?
True
Is 50 a factor of 4438?
False
Is 18 a factor of 19656?
True
Does 37 divide 2590?
True
Is 455 a multiple of 11?
False
Is 21 a factor of 546?
True
Is 13134 a multiple of 22?
True
Is 3161 a multiple of 18?
False
Is 87 a factor of 3063?
False
Is 10 a factor of 1530?
True
Does 23 divide 529?
True
Does 24 divide 2645?
False
Does 7 divide 400?
False
Is 3709 a multiple of 59?
False
Is 354 a multiple of 13?
False
Does 24 divide 432?
True
Is 14 a factor of 112?
True
Is 8 a factor of 59356?
False
Does 25 divide 48150?
True
Does 61 divide 6059?
False
Is 80 a factor of 560?
True
Does 98 divide 613?
False
Does 54 divide 1665?
False
Is 10 a factor of 7448?
False
Is 73 a factor of 3836?
False
Is 1470 a multiple of 30?
True
Is 14 a factor of 210?
True
Is 15369 a multiple of 94?
False
Is 19841 a multiple of 235?
False
Is 2361 a multiple of 12?
False
Is 2246 a multiple of 19?
False
Is 287 a multiple of 5?
False
Does 22 divide 14432?
True
Is 173 a factor of 67124?
True
Is 11 a factor of 2675?
False
Is 7 a factor of 2047?
False
Is 40 a factor of 890?
False
Is 13883 a multiple of 4?
False
Is 58 a factor of 9511?
False
Is 10520 a multiple of 20?
True
Is 385 a multiple of 10?
False
Does 14 divide 19322?
False
Is 15520 a multiple of 97?
True
Is 43 a factor of 1784?
False
Is 140 a factor of 13868?
False
Is 41160 a multiple of 161?
False
Does 21 divide 655?
False
Does 100 divide 114?
False
Is 8 a factor of 243?
False
Does 136 divide 31552?
True
Is 318 a multiple of 24?
False
Is 23 a factor of 926?
False
Does 14 divide 258?
False
Is 1115 a multiple of 10?
False
Is 736 a multiple of 23?
True
Is 47 a factor of 15940?
False
Does 24 divide 2394?
False
Is 126 a factor of 48258?
True
Is 449 a multiple of 7?
False
Is 11564 a multiple of 6?
False
Is 3090 a multiple of 6?
True
Does 25 divide 300?
True
Is 646 a multiple of 19?
True
Is 13 a factor of 195?
True
Is 933 a multiple of 3?
True
Is 574 a multiple of 3?
False
Is 12227 a multiple of 82?
False
Does 40 divide 106?
False
Is 23 a factor of 20194?
True
Is 14 a factor of 1754?
False
Is 29 a factor of 24331?
True
Does 22 divide 1155?
False
Is 52 a factor of 5047?
False
Is 1867 a multiple of 16?
False
Is 22 a factor of 5940?
True
Does 15 divide 130?
False
Is 2 a factor of 254?
True
Is 4558 a multiple of 153?
False
Is 18284 a multiple of 144?
False
Is 1194 a multiple of 43?
False
Is 163 a multiple of 65?
False
Is 14 a factor of 2020?
False
Is 6 a factor of 8898?
True
Does 96 divide 3107?
False
Is 4 a factor of 444?
True
Is 180 a multiple of 18?
True
Is 15379 a multiple of 13?
True
Is 100 a multiple of 9?
False
Is 26 a factor of 1560?
True
Is 516 a multiple of 3?
True
Is 40 a factor of 11756?
False
Is 59486 a multiple of 15?
False
Does 56 divide 616?
True
Is 14890 a multiple of 10?
True
Is 64 a factor of 13824?
True
Is 47 a factor of 22842?
True
Is 8 a factor of 151?
False
Does 26 divide 9115?
False
Is 5 a factor of 350?
True
Is 237 even?
False
Is 2901 a multiple of 11?
False
Is 292 a factor of 10512?
True
Is 7 a factor of 5264?
True
Is 20 a factor of 29480?
True
Does 12 divide 17793?
False
Does 18 divide 9198?
True
Is 24 a factor of 9048?
True
Is 3059 a multiple of 13?
False
Is 7 a factor of 13867?
True
Is 24894 a multiple of 18?
True
Is 221 a multiple of 14?
False
Is 29 a factor of 990?
False
Is 7 a factor of 3107?
False
Is 1815 a multiple of 33?
True
Is 36 a factor of 1319?
False
Is 111 a factor of 17538?
True
Is 10 a factor of 2036?
False
Is 126 a multiple of 6?
True
Is 10437 a multiple of 19?
False
Is 18 a factor of 11628?
True
Does 8 divide 300?
False
Is 13800 a multiple of 200?
True
Is 162 a multiple of 9?
True
Does 17 divide 1445?
True
Does 16 divide 64350?
False
Does 27 divide 297?
True
Does 26 divide 1276?
False
Is 11 a factor of 5093?
True
Does 69 divide 529?
False
Is 4 a factor of 4400?
True
Is 13844 a multiple of 165?
False
Does 109 divide 21369?
False
Is 2768 a multiple of 8?
True
Is 5340 a multiple of 178?
True
Is 4883 a multiple of 14?
False
Is 2541 a multiple of 9?
False
Is 133 a factor of 87181?
False
Is 7305 a multiple of 66?
False
Is 12 a factor of 25776?
True
Does 78 divide 147?
False
Is 6 a factor of 9221?
False
Is 223 a factor of 28321?
True
Does 154 divide 12340?
False
Does 13 divide 58448?
True
Does 22 divide 2530?
True
Does 5 divide 11932?
False
Is 28 a factor of 756?
True
Is 103 a factor of 263?
False
Is 58919 a multiple of 133?
True
Is 7153 a multiple of 31?
False
Is 1150 a multiple of 10?
True
Is 3 a factor of 6040?
False
Is 629 a multiple of 6?
False
Is 477 a multiple of 6?
False
Is 1484 a multiple of 23?
False
Does 17 divide 15149?
False
Is 2718 a multiple of 9?
True
Does 5 divide 22575?
True
Is 44 a multiple of 25?
False
Does 74 divide 7252?
True
Does 13 divide 43706?
True
Is 45 a factor of 3729?
False
Is 8069 a multiple of 72?
False
Is 22 a factor of 824?
False
Does 24 divide 70703?
False
Is 8958 a multiple of 9?
False
Is 11 a factor of 260?
False
Is 9 a factor of 6237?
True
Does 27 divide 4270?
False
Is 1842 a multiple of 25?
False
Does 9 divide 666?
True
Is 30 a factor of 30?
True
Is 203 a factor of 17255?
True
Does 138 divide 4692?
True
Does 14 divide 1133?
False
Is 35198 a multiple of 9?
False
Does 4 divide 254?
False
Does 4 divide 6263?
False
Does 21 divide 4935?
True
Is 102 a factor of 746?
False
Does 23 divide 46?
True
Is 13 a factor of 429?
True
Does 9 divide 6309?
True
Is 2180 a multiple of 109?
True
Is 44 a factor of 470?
False
Is 3 a factor of 56?
False
Does 97 divide 897?
False
Is 11986 a multiple of 26?
True
Does 28 divide 3442?
False
Is 593 a multiple of 21?
False
Is 2944 a multiple of 46?
True
Is 1360 a multiple of 68?
True
Does 71 divide 30743?
True
Is 17584 a multiple of 56?
True
Is 2441 even?
False
Is 71 a factor of 5822?
True
Does 11 divide 44019?
False
Does 6 divide 483?
False
Is 14 a factor of 41974?
False
Does 8 divide 744?
True
Is 91 a multiple of 2?
False
Does 30 divide 450?
True
Is 556 a multiple of 13?
False
Does 84 divide 63537?
False
Is 580 a multiple of 29?
True
Is 110 a multiple of 11?
True
Is 20608 a multiple of 32?
True
Is 1776 a multiple of 12?
True
Does 5 divide 6083?
False
Does 19 divide 1824?
True
Does 2 divide 199?
False
Is 2118 a multiple of 12?
False
Is 78 a factor of 7198?
False
Is 16 a factor of 22688?
True
Does 10 divide 7373?
False
Does 4 divide 40?
True
Is 314 a multiple of 23?
False
Is 850 a multiple of 50?
True
Does 15 divide 7302?
False
Is 54 a factor of 1620?
True
Is 35 a factor of 9441?
False
Does 10 divide 20090?
True
Is 58 a factor of 1334?
True
Does 16 divide 